Calculate the remainder when 123 is divided by j(k).
30
Calculate the remainder when 931 is divided by (-16)/(-24) - (-698)/6.
112
Calculate the remainder when 59 is divided by (1710/12)/(-19)*-2.
14
Suppose 0 = -21*h + 1022 + 574. Calculate the remainder when h is divided by 75.
1
Let c(t) = 4*t**2 + t + 2. Let y be c(-1). Let u(a) = -a**3 + 6*a**2 - 3*a - 4. Calculate the remainder when 23 is divided by u(y).
5
Let m = -545 - -558. What is the remainder when m is divided by 8/2 + (-1)/1?
1
Let n = -10 - -15. Suppose 3*q + 90 = -3*s, -3*s + 4*q + 5 = 81. Let t = s - -37. What is the remainder when t is divided by n?
4
Let f(x) = -x**2 + 5*x + 18. Let v be f(7). Let w(y) = y + 11. What is the remainder when w(v) is divided by 5?
0
Let c = 13 + -8. Suppose 4*j = 3*i + 4, -c*i = -j - 16 - 0. Let u = -137 - -144. Calculate the remainder when u is divided by i.
3
Suppose -46*s + 4140 = -s. What is the remainder when s is divided by 48?
44
Suppose 4108*h + 47 + 31 = 4114*h. Suppose -2 = 5*p - 12. Calculate the remainder when h is divided by p.
1
Suppose -4*z - 34 = 3*g, -3*z - 2*g - 38 = -6*g. Calculate the remainder when (4/(-3))/(z/615) + 1 is divided by 17.
15
Let d = 20 + -18. Let x(o) = -3*o**d + 0*o**2 + 5 + 4*o**2 - 1. What is the remainder when x(4) is divided by 12?
8
Let r(t) = 37*t**3 + 4*t - 7. Let u be r(2). Suppose -8*v = 3*k - 4*v - u, 2*v + 374 = 4*k. What is the remainder when k is divided by 12?
11
Suppose 21*l = -48*l + 552. Suppose 4*s - 4 = 4*y, 3*y - 17 = -3*s - y. What is the remainder when l is divided by s?
2
Let u = 41 + -14. What is the remainder when (-4)/(246/(-120) - -2) is divided by u?
26
Suppose -344*v = -351*v + 266. Calculate the remainder when 1630 is divided by v.
34
What is the remainder when 2*10/4 - (-71 - 185) is divided by 66?
63
Let h be (-7)/14*(-10 + 0). Suppose -h*c = -4*q + 39 + 28, 0 = 3*q - 5*c - 49. Suppose 44 = 4*y - 160. Calculate the remainder when y is divided by q.
15
Suppose 297 = 120*b - 109*b. Calculate the remainder when 102 is divided by b.
21
Suppose -4*u - 5*c = 5 - 8, -4*u = c - 7. What is the remainder when u is divided by 1?
0
Calculate the remainder when (5 - -2*114) + 6 + -4 is divided by 49.
39
Let v(g) be the second derivative of 7*g**5/20 - g**4/12 - g**3/3 + 2*g. Calculate the remainder when v(2) is divided by 13.
9
Let i(m) = -5*m + 139. What is the remainder when 430 is divided by i(17)?
52
Let x be ((-744)/18)/(-2)*(-18)/(-4). Let d = x - 65. What is the remainder when d is divided by 10?
8
Let j(r) be the third derivative of r**5/60 + r**4/4 - 2*r**3/3 - 3*r**2. Let b be (-8)/(-20) - (-84)/(-10). Calculate the remainder when 22 is divided by j(b).
10
Calculate the remainder when -6 + (30*12)/9 is divided by 12.
10
Let l = -450 - -669. What is the remainder when l is divided by 65?
24
Let a(z) = -3*z**2 - 26*z - 36. Calculate the remainder when a(-5) is divided by 19.
0
Let x(n) = -n**2 + 23*n + 93. Calculate the remainder when 1158 is divided by x(25).
40
Suppose 0*o + 6*o = 108. Suppose 0*p = -3*p + o. Calculate the remainder when 27 is divided by p.
3
Suppose 6*a - 178 = 176. Calculate the remainder when 274 is divided by a.
38
Let t(u) = u**2 + 11*u + 16. Calculate the remainder when 27 is divided by t(-11).
11
Let h(t) = -2*t**3 - 3*t**2 - 3*t - 4. Let m be h(-3). Suppose 8*j = 4*j + m. Suppose -8*l = -184 + 64. What is the remainder when l is divided by j?
7
Let a(p) = -p**2 - 24*p - 65. Calculate the remainder when 147 is divided by a(-20).
12
Let d(p) = p**3 - p**2 - 3*p + 3. Let u = -40 + -23. Let n = -30 - u. Calculate the remainder when n is divided by d(3).
9
Let a = -15 + 24. Suppose -18 = 7*g - a*g. Let s(t) = 3*t**2 + 1. Calculate the remainder when g is divided by s(1).
1
Let l(b) = b + 6. Let x be l(-6). Let h(n) = 22 + 36*n - 72*n + 37*n. What is the remainder when 43 is divided by h(x)?
21
Suppose -229 = 121*k - 122*k. Calculate the remainder when 470 is divided by k.
12
Let n be 40/8*14/5. Suppose 0 = -3*d - 4*d + 105. Let r = d - n. Calculate the remainder when 1 is divided by r.
0
Suppose 719 = 75*j - 1981. Calculate the remainder when 102 is divided by j.
30
Suppose -11 = -30*t + 1549. What is the remainder when t is divided by 24?
4
Suppose 75 = z - 2. Let j = -1 + -2. What is the remainder when z is divided by ((-2)/(-6))/(j/(-180))?
17
Let f be 30/(2 - 4)*1. Let q = f - -25. What is the remainder when 46 is divided by q?
6
Calculate the remainder when 6092/48 - (-4)/48 is divided by 32.
31
Suppose 14 = 5*k - 21. Let y = 11 + -12. Let w = y + 21. Calculate the remainder when w is divided by k.
6
Let g = -15 + 36. Let z = -26567 - -26626. Calculate the remainder when z is divided by g.
17
Suppose 0 = 5*d - 10, 3*o - 213 = 3*d + 150. Calculate the remainder when o is divided by 65.
58
Let u = -60 - -105. Let n = 23 + -3. Let i = u - n. Calculate the remainder when i is divided by 14.
11
Suppose -4*t + 556 = -3*i, 0*i = 5*t + 3*i - 695. Let y = t + -58. What is the remainder when y is divided by 43?
38
Suppose 6*l = 2*l + 16. Suppose d - l*d = -9. Suppose 1 = 3*b - 2. Calculate the remainder when d is divided by b.
0
Suppose -x = x - 4. Suppose 2*g - 218 = -2*z, 351 = 3*z - x*g - 3*g. Calculate the remainder when 12 is divided by z/24*(-3)/(-2).
5
Let t = -14 - -16. Let z(k) = -13*k**t + 0*k - k**3 + 0*k + 9 + 1. What is the remainder when z(-13) is divided by 6?
4
Let k = -304 - -315. Calculate the remainder when 152 is divided by k.
9
Let s(v) = v**2 - 3*v - 6. Let h be s(-3). Suppose h = -q + 7*q. What is the remainder when q is divided by 1?
0
Let o = -27 - -185. Suppose -3*k = -2*k - 2*w - o, 0 = k + 2*w - 154. Let q = -97 + k. Calculate the remainder when q is divided by 20.
19
Suppose -5*t + 9*t + 8 = 0. Let c be -144*(-2)/(-4 - t). Calculate the remainder when 46 is divided by 1/(-3*4/c).
10
What is the remainder when 183 is divided by -34*((-3 - -8) + 55/(-10))?
13
Let o be 2 + 0 + (0 - 0). Suppose 0*u = -o*u - 42. Let y = u + 36. Calculate the remainder when y is divided by 8.
7
Let i be (17/(-34))/(2/(-296)). Suppose -3*v + i = -w, -v + w + 46 = 6*w. What is the remainder when v is divided by 10?
6
Let c = -10 + 4. Let a be -1 + -2 - (c + -1). Suppose 102 = a*p - 34. What is the remainder when p is divided by 12?
10
Suppose -2*a - 11*b = -13*b - 82, 2*b = 4*a - 158. Calculate the remainder when 187 is divided by a.
35
Let m(k) = 19*k**2 + 1. Let h(v) = 201*v - 43. Let j be h(6). Suppose 455 - j = -12*x. What is the remainder when x is divided by m(-1)?
19
Let d = 1061 + -1020. Calculate the remainder when d is divided by 4.
1
Suppose -6*c = -28*c + 154. Calculate the remainder when 114 is divided by c.
2
What is the remainder when 68 is divided by 1412/52 + (-123)/39 + 3?
14
Suppose -24*k + 1731 = 99. Let i = 43 + -29. What is the remainder when k is divided by i?
12
Let b be -4*(-4)/32*-2. What is the remainder when 22 is divided by b + 2 + (-7)/(35/(-45))?
2
Let k = 651 - 537. Calculate the remainder when k is divided by 33.
15
What is the remainder when 13062/49 + ((-55)/35 - -2) is divided by 46?
37
Suppose -2*y - 1104 = -3*j, 0 = 2*j - 36*y + 41*y - 717. Calculate the remainder when j is divided by 23.
21
Let q = -12 - -14. Suppose 0*m - 5*b - 77 = -m, q*b + 316 = 5*m. Calculate the remainder when m is divided by 16.
14
Let p be 96/9*(9/(-3) - -27). Suppose -p = -7*w - 60. What is the remainder when 80 is divided by w?
24
Suppose -17 - 39 = -a. Suppose 2*t - a = -16. Suppose -2*i + t = 4. What is the remainder when i is divided by 3?
2
Suppose 82 = 2*g + 12*o - 15*o, g + 3*o - 32 = 0. Calculate the remainder when g is divided by 34.
4
Let b(i) = i**3 + 4*i**2 - 34*i - 2. What is the remainder when 82 is divided by b(-8)?
12
Let h = -35 - -67. Let q be 8/h + 63/(-12). Calculate the remainder when 5*(q + 4 + 2) is divided by 3.
2
Let q(y) = -30*y + 1. Let w(a) = -10*a. Let f(m) = 3*q(m) - 8*w(m). What is the remainder when f(-5) is divided by 14?
11
Let y = 888 + -727. Calculate the remainder when y is divided by 50.
11
Suppose 247 = -8*k - 161. Let i = k + 95. Let p(y) = -2*y + 4. Calculate the remainder when i is divided by p(-4).
8
Let l(f) = f**2 + 11*f + 15. Let z be l(-10). Suppose -w - 4*p = -13, z*w - 7*p = -3*p + 89. What is t